 common factor of 143 and 28691?
13
What is the greatest common divisor of 9315 and 70495?
115
Calculate the greatest common factor of 230 and 2710.
10
Calculate the greatest common factor of 95 and 13927.
19
What is the greatest common factor of 132 and 3883?
11
What is the greatest common factor of 422 and 26375?
211
Calculate the highest common divisor of 1692834 and 6864.
858
Calculate the greatest common factor of 704 and 192.
64
Calculate the highest common factor of 34047 and 468.
117
Calculate the highest common factor of 69760 and 1120.
160
Calculate the highest common factor of 32 and 334064.
16
Calculate the greatest common divisor of 190 and 18670.
10
What is the highest common factor of 66 and 82101?
3
Calculate the highest common factor of 935 and 13773485.
935
What is the greatest common divisor of 551820 and 10200?
1020
Calculate the greatest common factor of 59330 and 85.
85
What is the greatest common factor of 6354 and 810?
18
Calculate the greatest common factor of 1887684 and 12.
12
What is the highest common factor of 36400 and 35100?
1300
Calculate the highest common factor of 146 and 311929.
73
Calculate the greatest common factor of 535506 and 7152.
894
Calculate the greatest common divisor of 294 and 330456.
294
What is the highest common divisor of 90090 and 6825?
1365
Calculate the greatest common divisor of 12100 and 1600.
100
What is the highest common divisor of 3 and 31881?
3
Calculate the greatest common factor of 362 and 48689.
181
Calculate the highest common factor of 63 and 8314047.
63
Calculate the greatest common divisor of 1 and 84457.
1
Calculate the greatest common factor of 972144 and 387.
387
Calculate the highest common factor of 2758693 and 7.
7
Calculate the highest common factor of 13 and 332.
1
Calculate the greatest common divisor of 286 and 492074.
22
Calculate the highest common divisor of 155654 and 446.
446
Calculate the highest common divisor of 461548 and 532.
76
What is the greatest common factor of 747479 and 38?
19
Calculate the greatest common factor of 315 and 555.
15
Calculate the highest common divisor of 3068 and 1888.
236
What is the greatest common divisor of 170 and 2531?
1
What is the highest common factor of 2840 and 1643295?
355
What is the highest common divisor of 8203 and 4537?
13
What is the highest common divisor of 242 and 833690?
242
Calculate the greatest common divisor of 25520 and 42746.
638
What is the greatest common factor of 11267 and 47440?
593
What is the greatest common divisor of 170 and 261970?
170
What is the greatest common divisor of 2431 and 85?
17
What is the highest common divisor of 29072 and 1840?
368
What is the greatest common factor of 10524 and 33?
3
Calculate the greatest common divisor of 1480 and 27935.
185
What is the greatest common divisor of 355 and 9869?
71
What is the greatest common divisor of 100879 and 16579?
281
Calculate the greatest common factor of 19525 and 11.
11
Calculate the highest common divisor of 1152 and 4482.
18
What is the highest common factor of 2900 and 1232732?
116
What is the greatest common divisor of 216 and 10664?
8
Calculate the greatest common factor of 72 and 213912.
72
What is the greatest common factor of 378840 and 1344?
168
What is the greatest common factor of 396 and 154044?
396
Calculate the greatest common factor of 72 and 173688.
24
What is the highest common factor of 322504 and 72?
8
Calculate the highest common factor of 32 and 83872.
32
What is the greatest common divisor of 198 and 6985638?
198
Calculate the greatest common divisor of 30 and 58220.
10
What is the greatest common divisor of 1416975 and 225?
75
What is the highest common divisor of 23 and 7913909?
23
Calculate the greatest common factor of 1659658 and 924.
154
Calculate the highest common factor of 68034 and 17986.
782
What is the greatest common factor of 689 and 5369?
13
Calculate the greatest common divisor of 280 and 1155490.
70
What is the highest common divisor of 264 and 129272?
88
Calculate the greatest common divisor of 21 and 51261.
21
Calculate the highest common factor of 2016 and 52848.
144
Calculate the highest common factor of 416 and 42068.
52
What is the greatest common divisor of 48412 and 819?
91
What is the highest common factor of 4336497 and 31?
31
Calculate the highest common divisor of 9666060 and 76.
76
Calculate the greatest common divisor of 451458 and 36.
18
Calculate the highest common factor of 996 and 149649.
249
Calculate the highest common factor of 375 and 490375.
125
Calculate the highest common factor of 3552 and 7776.
96
Calculate the highest common factor of 16769 and 164.
41
Calculate the highest common divisor of 651208 and 8.
8
What is the greatest common divisor of 175818 and 6?
6
Calculate the greatest common factor of 102 and 498.
6
What is the greatest common divisor of 666 and 41562?
18
Calculate the greatest common divisor of 22600 and 250.
50
Calculate the highest common factor of 77 and 448.
7
Calculate the highest common factor of 32 and 5320.
8
Calculate the highest common divisor of 11 and 30492.
11
What is the highest common divisor of 105 and 64407?
21
Calculate the greatest common divisor of 45050 and 16150.
850
What is the highest common factor of 280 and 33530?
70
What is the greatest common factor of 2884 and 26780?
412
Calculate the greatest common factor of 376848 and 40.
8
Calculate the greatest common divisor of 157992 and 72.
24
Calculate the greatest common factor of 326656 and 198.
22
What is the highest common divisor of 45434 and 248?
2
Calculate the greatest common factor of 27404 and 4556.
68
Calculate the greatest common divisor of 22375 and 12500.
125
Calculate the highest common factor of 7952 and 30016.
112
What is the greatest common factor of 99612 and 4?
4
What is the greatest common divisor of 370 and 105635?
185
Calculate the greatest common factor of 44 and 294976.
44
What is the highest common factor of 2172 and 4525?
181
What is the highest common factor of 179771 and 29?
29
Calculate the greatest common divisor of 1378 and 41658.
106
What is the highest common divisor of 1848 and 345048?
264
Calculate the greatest common divisor of 351 and 291.
3
Calculate the highest common divisor of 4943 and 2.
1
Calculate the highest common divisor of 56305 and 10.
5
What is the greatest common divisor of 37584 and 528?
48
Calculate the greatest common divisor of 30048 and 48.
48
What is the greatest common divisor of 664 and 3592?
8
What is the greatest common factor of 37500 and 4800?
300
What is the highest common factor of 3179025 and 90?
45
What is the greatest common divisor of 270829 and 1079?
1079
What is the highest common factor of 49 and 1538551?
49
Calculate the greatest common factor of 8975934 and 33.
33
What is the highest common factor of 42086 and 286?
22
What is the highest common divisor of 5324 and 65824?
484
Calculate the highest common factor of 1764 and 117.
9
Calculate the greatest common divisor of 12 and 524652.
12
Calculate the highest common factor of 598 and 62606.
46
What is the highest common factor of 832 and 14272?
64
Calculate the greatest common divisor of 742 and 1477.
7
What is the highest common factor of 6336 and 22?
22
Calculate the greatest common factor of 65282 and 21.
7
Calculate the greatest common factor of 2835 and 312255.
405
What is the greatest common divisor of 1908 and 1620?
36
Calculate the greatest common divisor of 12425 and 122262.
497
What is the greatest common divisor of 1208 and 88?
8
What is the highest common factor of 1166 and 91531?
583
Calculate the highest common factor of 2405757 and 41.
41
Calculate the greatest common factor of 62281 and 1769.
61
What is the highest common divisor of 603 and 6471?
9
Calculate the greatest common divisor of 10060 and 100.
20
Calculate the greatest common divisor of 733545 and 225.
45
Calculate the greatest common divisor of 232 and 23704.
8
Calculate the highest common divisor of 16 and 3244.
4
What is the highest common divisor of 118054 and 134?
134
Calculate the greatest common factor of 27500 and 16.
4
What is the highest common divisor of 680 and 163200?
680
What is the greatest common factor of 18000 and 102960?
720
What is the highest common factor 